{"id":2696,"date":"2018-12-17T12:41:10","date_gmt":"2018-12-17T10:41:10","guid":{"rendered":"https:\/\/makeover.erudiobeauty.si\/?page_id=2696"},"modified":"2019-01-29T12:47:48","modified_gmt":"2019-01-29T10:47:48","slug":"kontakt","status":"publish","type":"page","link":"https:\/\/www.erudio.si\/erudiobeauty\/kontakt\/","title":{"rendered":"KONTAKT"},"content":{"rendered":"\r\n<section class=\"sh-section sh-section-bc794fc67c708707b2439d0124b4b466 fw-main-row sh-section-visibility-everywhere\">\r\n\t\r\n\t\r\n\t<div class=\"sh-section-container container\">\r\n\t\t<div class=\"fw-row\">\n\t\r\n<div class=\"sh-column sh-column-68da0a5ff629d9a0eed7d5fd85db3947 fw-col-xs-12 fw-col-sm-6\" >\r\n\r\n\t\r\n\t<div class=\"sh-column-wrapper\">\r\n\t\t\r\n<div id=\"text-block-87e39ee5b6b1e2cb15ede78896dc9978\" class=\"sh-text-block\">\r\n\t<p><span style=\"font-size: 24px;\">ERUDIO BEAUTY<br \/>TRGOVINA<\/span><\/p><p>Litostrojska cesta 40a<br \/>1000 Ljubljana<\/p><p><strong>0 64 255 535<\/strong><\/p><p>info@erudiobeauty.si<\/p><p>&nbsp;<\/p><p><strong>PON<\/strong> 9.00 - 17.00<br \/><strong>TOR\u00a0<\/strong>9.00 - 17.00<br \/><strong>SRE\u00a0<\/strong>9.00 - 17.00<br \/><strong>\u010cET\u00a0<\/strong>9.00 - 17.00<br \/><strong>PET\u00a0<\/strong>9.00 - 17.00<\/p><\/div>\r\n\t<\/div>\r\n<\/div>\r\n\r\n<div class=\"sh-column sh-column-a981ef7c5aba6ee2bdc488cffbe852a9 fw-col-xs-12 fw-col-sm-6\" >\r\n\r\n\t\r\n\t<div class=\"sh-column-wrapper\">\r\n\t\t\r\n<div id=\"text-block-59f2ee242ae437e47bf5aa6a8a9b7c88\" class=\"sh-text-block\">\r\n\t<p><span style=\"color: #000000; font-size: 24px;\"><a style=\"color: #000000;\" href=\"https:\/\/www.erudio.si\/erudiobeauty\/frizerski-salon\/\">ERUDIO BEAUTY<br \/>HAIR CULT FRIZERSKI SALON<\/a><\/span><\/p><p>Litostrojska cesta 40a<br \/>1000 Ljubljana<\/p><p><strong>0 64 295 000<\/strong><\/p><p>info@erudiobeauty.si<\/p><p>&nbsp;<\/p><p><strong>PON<\/strong> 7.00 - 15.00<br \/><strong>TOR<\/strong> 12.00 - 20.00<br \/><strong>SRE<\/strong> 7.00 - 15.00<br \/><strong>\u010cET<\/strong> 12.00 - 20.00<br \/><strong>PET<\/strong> 7.00 - 15.00<\/p><\/div>\r\n\t<\/div>\r\n<\/div>\r\n<\/div>\n\n<div class=\"fw-row\">\n\t\r\n<div class=\"sh-column sh-column-d91172fb013805912bba607aadf55b00 fw-col-xs-12\" >\r\n\r\n\t\r\n\t<div class=\"sh-column-wrapper\">\r\n\t\t\r\n<div id=\"divider-a149a315873a2b3b5a2ba0cc1764487e\" class=\"sh-divider sh-divider-center sh-divider-content-none\">\r\n\t\t\t<div class=\"sh-divider-line\"><\/div>\r\n\t<\/div>\r\n\r\n<div class=\"sh-empty-space\" id=\"empty-space-e0fcc978b541c449f0c0ad3d38426df7\"><\/div>\r\n\r\n<div id=\"text-block-c58af17c938bd283423909dee2fc9640\" class=\"sh-text-block\">\r\n\t<h3><strong><span style=\"font-size: 18px;\">KONTAKTIRAJTE NAS<\/span><\/strong><\/h3><\/div>\r\n\r\n<div class=\"sh-empty-space\" id=\"empty-space-5d5a81f019e3df1c0e2475fb58b15b0c\"><\/div>\r\n\r\n<div id=\"cf7-1323\" class=\"sh-cf7 sh-cf7-style4\">\r\n    <div role=\"form\" class=\"wpcf7\" id=\"wpcf7-f1323-o1\" lang=\"sl-SI\" dir=\"ltr\">\n<div class=\"screen-reader-response\"><p role=\"status\" aria-live=\"polite\" aria-atomic=\"true\"><\/p> <ul><\/ul><\/div>\n<form action=\"\/erudiobeauty\/wp-json\/wp\/v2\/pages\/2696#wpcf7-f1323-o1\" method=\"post\" class=\"wpcf7-form init\" novalidate=\"novalidate\" data-status=\"init\">\n<div style=\"display: none;\">\n<input type=\"hidden\" name=\"_wpcf7\" value=\"1323\" \/>\n<input type=\"hidden\" name=\"_wpcf7_version\" value=\"5.3.2\" \/>\n<input type=\"hidden\" name=\"_wpcf7_locale\" value=\"sl_SI\" \/>\n<input type=\"hidden\" name=\"_wpcf7_unit_tag\" value=\"wpcf7-f1323-o1\" \/>\n<input type=\"hidden\" name=\"_wpcf7_container_post\" value=\"0\" \/>\n<input type=\"hidden\" name=\"_wpcf7_posted_data_hash\" value=\"\" \/>\n<input type=\"hidden\" name=\"_wpcf7_recaptcha_response\" value=\"\" \/>\n<\/div>\n<p><span class=\"wpcf7-form-control-wrap firstname\"><input type=\"text\" name=\"firstname\" value=\"\" size=\"40\" class=\"wpcf7-form-control wpcf7-text wpcf7-validates-as-required\" aria-required=\"true\" aria-invalid=\"false\" placeholder=\"Va\u0161e ime \/ First name\" \/><\/span><br \/>\n<span class=\"wpcf7-form-control-wrap lastname\"><input type=\"text\" name=\"lastname\" value=\"\" size=\"40\" class=\"wpcf7-form-control wpcf7-text wpcf7-validates-as-required\" aria-required=\"true\" aria-invalid=\"false\" placeholder=\"Va\u0161 priimek \/ Last name\" \/><\/span><br \/>\n<span class=\"wpcf7-form-control-wrap telephone\"><input type=\"tel\" name=\"telephone\" value=\"\" size=\"40\" class=\"wpcf7-form-control wpcf7-text wpcf7-tel wpcf7-validates-as-required wpcf7-validates-as-tel\" aria-required=\"true\" aria-invalid=\"false\" placeholder=\"Telefon \/ Phone number\" \/><\/span><br \/>\n<span class=\"wpcf7-form-control-wrap your-email\"><input type=\"email\" name=\"your-email\" value=\"\" size=\"40\" class=\"wpcf7-form-control wpcf7-text wpcf7-email wpcf7-validates-as-required wpcf7-validates-as-email\" aria-required=\"true\" aria-invalid=\"false\" placeholder=\"Va\u0161 email \/ Email\" \/><\/span><br \/>\n<span class=\"wpcf7-form-control-wrap streetaddress\"><input type=\"text\" name=\"streetaddress\" value=\"\" size=\"40\" class=\"wpcf7-form-control wpcf7-text wpcf7-validates-as-required\" aria-required=\"true\" aria-invalid=\"false\" placeholder=\"Ulica in hi\u0161na \u0161tevilka \/ Street Address\" \/><\/span><br \/>\n<span class=\"wpcf7-form-control-wrap city\"><input type=\"text\" name=\"city\" value=\"\" size=\"40\" class=\"wpcf7-form-control wpcf7-text wpcf7-validates-as-required\" aria-required=\"true\" aria-invalid=\"false\" placeholder=\"Kraj \/ City\" \/><\/span><br \/>\n<span class=\"wpcf7-form-control-wrap postcode\"><input type=\"text\" name=\"postcode\" value=\"\" size=\"40\" class=\"wpcf7-form-control wpcf7-text\" aria-invalid=\"false\" placeholder=\"Po\u0161tna \u0161tevilka \/ Postal code\" \/><\/span><br \/>\n<span class=\"wpcf7-form-control-wrap acceptance-920\"><span class=\"wpcf7-form-control wpcf7-acceptance\"><span class=\"wpcf7-list-item\"><label><input type=\"checkbox\" name=\"acceptance-920\" value=\"1\" aria-invalid=\"false\" \/><span class=\"wpcf7-list-item-label\">Sogla\u0161am z uporabo mojih osebnih podatkov (oddanih preko tega obrazca) za namen sporo\u010danja informacij o ponudbi za oddano povpra\u0161evanje in obve\u0161\u010danje o na\u0161i novi ponudbi ter novicah. Skladno z GDPR imate pravico do umika soglasja. Za umik kontaktirajte info@erudiobeauty.eu<\/span><\/label><\/span><\/span><\/span><\/p>\n\n<p><input type=\"submit\" value=\"Po\u0161lji podatke\" class=\"wpcf7-form-control wpcf7-submit\" \/><\/p>\n<div class=\"wpcf7-response-output\" aria-hidden=\"true\"><\/div><\/form><\/div><\/div>\r\n\t<\/div>\r\n<\/div>\r\n<\/div>\n\n\t<\/div>\r\n<\/section>\r\n\n","protected":false},"excerpt":{"rendered":"<p>ERUDIO BEAUTYTRGOVINALitostrojska cesta 40a1000 Ljubljana0 64 255 535info@erudiobeauty.si&nbsp;PON 9.00 &#8211; 17.00TOR\u00a09.00 &#8211; 17.00SRE\u00a09.00 &#8211; 17.00\u010cET\u00a09.00 &#8211; 17.00PET\u00a09.00 &#8211; 17.00 ERUDIO BEAUTYHAIR CULT FRIZERSKI SALONLitostrojska cesta 40a1000 Ljubljana0&#8230;<\/p>\n","protected":false},"author":1,"featured_media":0,"parent":0,"menu_order":0,"comment_status":"closed","ping_status":"closed","template":"","meta":{"_monsterinsights_skip_tracking":false,"_monsterinsights_sitenote_active":false,"_monsterinsights_sitenote_note":"","_monsterinsights_sitenote_category":0},"_links":{"self":[{"href":"https:\/\/www.erudio.si\/erudiobeauty\/wp-json\/wp\/v2\/pages\/2696"}],"collection":[{"href":"https:\/\/www.erudio.si\/erudiobeauty\/wp-json\/wp\/v2\/pages"}],"about":[{"href":"https:\/\/www.erudio.si\/erudiobeauty\/wp-json\/wp\/v2\/types\/page"}],"author":[{"embeddable":true,"href":"https:\/\/www.erudio.si\/erudiobeauty\/wp-json\/wp\/v2\/users\/1"}],"replies":[{"embeddable":true,"href":"https:\/\/www.erudio.si\/erudiobeauty\/wp-json\/wp\/v2\/comments?post=2696"}],"version-history":[{"count":27,"href":"https:\/\/www.erudio.si\/erudiobeauty\/wp-json\/wp\/v2\/pages\/2696\/revisions"}],"predecessor-version":[{"id":3042,"href":"https:\/\/www.erudio.si\/erudiobeauty\/wp-json\/wp\/v2\/pages\/2696\/revisions\/3042"}],"wp:attachment":[{"href":"https:\/\/www.erudio.si\/erudiobeauty\/wp-json\/wp\/v2\/media?parent=2696"}],"curies":[{"name":"wp","href":"https:\/\/api.w.org\/{rel}","templated":true}]}}