{"id":2665,"date":"2018-12-10T17:02:13","date_gmt":"2018-12-10T15:02:13","guid":{"rendered":"https:\/\/makeover.erudiobeauty.si\/?page_id=2665"},"modified":"2018-12-19T17:42:36","modified_gmt":"2018-12-19T15:42:36","slug":"coworking","status":"publish","type":"page","link":"https:\/\/www.erudio.si\/erudiobeauty\/coworking\/","title":{"rendered":"COWORKING"},"content":{"rendered":"\r\n<section class=\"sh-section sh-section-bfda98b7bb04d11b1750fc4bdc0d4ccb fw-main-row sh-section-visibility-everywhere\">\r\n\t\r\n\t\r\n\t<div class=\"sh-section-container container\">\r\n\t\t<div class=\"fw-row\">\n\t\r\n<div class=\"sh-column sh-column-99213872db1444bd973b93ee99004bc0 fw-col-xs-12\" >\r\n\r\n\t\r\n\t<div class=\"sh-column-wrapper\">\r\n\t\t\r\n<div id=\"text-block-e567100e9ea964c360cdce2dccf209b0\" class=\"sh-text-block\">\r\n\t<h2>COWORKING<\/h2><p>&nbsp;<\/p><p>Se \u017eelite podati na samostojno pot in \u0161e nimate svojega prostora? Vam najemnina predstavlja preveliko finan\u010dno breme pri samostojni poti? Erudio Beauty coworking vam pri tem lahko pomaga!<\/p><p>&nbsp;<\/p><p>V \u010dudovitem ambientu Erudio Beauty coworking prostorov smo pripravili kar nekaj delovnih mest. Ponujamo mesta za manikerje, kozmeti\u010darke, maserje ter makeup artiste, ki za svoje delo potrebujejo vrhunsko opremljen prostor. Le-ti vam bodo zagotavljali urejen prostor, kjer boste lahko izvajali svoje storitve z visokimi higienskimi standardi ter enostavno dostopnostjo.<\/p><p>&nbsp;<\/p><p>Z najemom prostora si lahko postopoma za\u010dnete pridobivati stranke in tako stopite korak naprej proti zastavljenemu cilju.<\/p><\/div>\r\n\t<\/div>\r\n<\/div>\r\n<\/div>\n\n<div class=\"fw-row\">\n\t\r\n<div class=\"sh-column sh-column-99213872db1444bd973b93ee99004bc0 fw-col-xs-12\" >\r\n\r\n\t\r\n\t<div class=\"sh-column-wrapper\">\r\n\t\t\r\n<div class=\"sh-empty-space\" id=\"empty-space-2b0e258e7e381364087d17f8a15f00ae\"><\/div>\r\n\t<\/div>\r\n<\/div>\r\n<\/div>\n\n<div class=\"fw-row\">\n\t\r\n<div class=\"sh-column sh-column-99213872db1444bd973b93ee99004bc0 fw-col-xs-12\" >\r\n\r\n\t\r\n\t<div class=\"sh-column-wrapper\">\r\n\t\t\r\n<div id=\"button-45ff058013b9161a8175dba4d26b601e\" class=\"sh-button-container sh-button-style-5\">\r\n\t<a href=\"#form\" target=\"_self\" class=\"sh-button sh-button-xlarge \">\r\n\r\n\t\t\r\n\t\t\t\t\t<span class=\"sh-button-text\">\r\n\t\t\t\tPO\u0160LJI POVPRA\u0160EVANJE\t\t\t<\/span>\r\n\t\t\r\n\t\t\r\n\t<\/a>\r\n\t<\/div>\r\n\t<\/div>\r\n<\/div>\r\n<\/div>\n\n<div class=\"fw-row\">\n\t\r\n<div class=\"sh-column sh-column-99213872db1444bd973b93ee99004bc0 fw-col-xs-12\" >\r\n\r\n\t\r\n\t<div class=\"sh-column-wrapper\">\r\n\t\t\r\n<div class=\"sh-empty-space\" id=\"empty-space-d15c52916ebb39d17044c47f1d55ea3b\"><\/div>\r\n\t<\/div>\r\n<\/div>\r\n<\/div>\n\n<div class=\"fw-row\">\n\t\r\n<div class=\"sh-column sh-column-99213872db1444bd973b93ee99004bc0 fw-col-xs-12\" >\r\n\r\n\t\r\n\t<div class=\"sh-column-wrapper\">\r\n\t\t\r\n<div id=\"divider-0b14c1ca3845d8b6f973993bd68a385e\" class=\"sh-divider sh-divider-center sh-divider-content-none\">\r\n\t\t\t<div class=\"sh-divider-line\"><\/div>\r\n\t<\/div>\r\n\t<\/div>\r\n<\/div>\r\n<\/div>\n\n<div class=\"fw-row\">\n\t\r\n<div class=\"sh-column sh-column-99213872db1444bd973b93ee99004bc0 fw-col-xs-12\" >\r\n\r\n\t\r\n\t<div class=\"sh-column-wrapper\">\r\n\t\t\r\n<div class=\"sh-empty-space\" id=\"empty-space-b45f4257270aab6d3c1c3cfadca0d797\"><\/div>\r\n\t<\/div>\r\n<\/div>\r\n<\/div>\n\n<div class=\"fw-row\">\n\t\r\n<div class=\"sh-column sh-column-ef68aa48180969823cb424a25afd856d fw-col-xs-12 fw-col-sm-6\" >\r\n\r\n\t\r\n\t<div class=\"sh-column-wrapper\">\r\n\t\t\r\n<div id=\"text-block-6f7eef38bb28948e48864e28b381f254\" class=\"sh-text-block\">\r\n\t<p><strong><span style=\"font-size: 18px;\">KAJ PONUJAMO<\/span><\/strong><\/p><p>&nbsp;<\/p><p>V Erudio Beauty coworking prostorih vam nudimo najem delovnega prostora, brez dodatnih stro\u0161kov elektrike, vode in ogrevanja. Zavedamo se namre\u010d, da so ti stro\u0161ki eden izmed razlogov, ki predstavljajo najve\u010dje oviro za za\u010detek kariere.<\/p><p>&nbsp;<\/p><p>Na voljo imamo kozmeti\u010dni salon, ki vsebuje vso potrebno opremo za izvajanje masa\u017e in pedikur. Na voljo imate lastno kabina z masa\u017eno mizo in za\u0161\u010dito, kot tudi stol za izvajanje pedikure. V makeup salonu je na voljo ve\u010d postaj za li\u010denje s profesionalno lu\u010djo. Prav tako so na voljo tudi postaje za izvajanje manikure in podalj\u0161evanja nohtov.<\/p><p>&nbsp;<\/p><p>Na\u0161a najnovej\u0161a pridobitev pa je frizerski salon, ki je vsestranski. Poleg rednega obratovanja nudi odli\u010den prostor za dopolnjevanje znanja na\u0161im u\u010dencem, hkrati pa je na voljo tudi za najem stola.<\/p><p>&nbsp;<\/p><p>V kolikor imate svoj material, potreben za delo, ste ve\u010d kot dobrodo\u0161li, da ga prinesete s seboj. Lahko pa vam tudi pri tem pomagamo mi, saj vam omogo\u010damo nakup profesionalnih izdelkov po zelo ugodnih cenah. Pri vsem tem, pa tudi svetujemo, kako z materialom ravnati.<\/p><p>&nbsp;<\/p><p>Prostore si lahko pridete osebno ogledati ob predhodni najavi.<\/p><\/div>\r\n\r\n<div class=\"sh-empty-space\" id=\"empty-space-fcdd33823ccfa5c1a535338356de66cd\"><\/div>\r\n\t<\/div>\r\n<\/div>\r\n\r\n<div class=\"sh-column sh-column-14c28af0f2c08d1ad446155228dc6998 fw-col-xs-12 fw-col-sm-6\" >\r\n\r\n\t\r\n\t<div class=\"sh-column-wrapper\">\r\n\t\t\r\n<div id=\"single-image-e0467b6554d93e3d5121f1d3b5171bef\" class=\"sh-single-image\">\r\n\t\r\n\t\r\n\t\t<div class=\"sh-single-image-container\">\r\n\t\t\t\t\t\t\t\t\t\t\t\t<a href=\"\/\/www.erudio.si\/erudiobeauty\/wp-content\/uploads\/2018\/12\/masa\u017ea_2.png\" rel=\"lightbox\">\r\n\t\t\t\t\r\n\t\t\t\t\t\t\t\t\t\t\t<img class=\"sh-image-url\" src=\"https:\/\/www.erudio.si\/erudiobeauty\/wp-content\/uploads\/2018\/12\/masa\u017ea_2.png\" alt=\"masa\u017ea_2\" \/>\r\n\t\t\t\t\t\t\t\t\t\t\t\r\n\t\t\t\t\t\t\t\t\t<\/a>\r\n\t\t\t\t\t\t\t\r\n\t\t\t\t\t<\/div>\r\n\r\n\t\r\n<\/div>\r\n\t<\/div>\r\n<\/div>\r\n<\/div>\n\n<div class=\"fw-row\">\n\t\r\n<div class=\"sh-column sh-column-747615913cb987965dea41bae99b9404 fw-col-xs-12\" >\r\n\r\n\t\r\n\t<div class=\"sh-column-wrapper\">\r\n\t\t\r\n<div class=\"sh-empty-space\" id=\"empty-space-9723d5a7f145d08076e688ee7c0b68df\"><\/div>\r\n\r\n<div id=\"divider-df4d34914a0143d3b5a76aa44236cd58\" class=\"sh-divider sh-divider-center sh-divider-content-none\">\r\n\t\t\t<div class=\"sh-divider-line\"><\/div>\r\n\t<\/div>\r\n\r\n<div id=\"text-block-11a0b5b6c1420c924ab3b07c9b0e2dd2\" class=\"sh-text-block\">\r\n\t<p><a id=\"form\"><\/a><\/p><\/div>\r\n\r\n<div class=\"sh-heading\" id=\"heading-83426c8e3aef218ef1c4d5b9d60a552c\">\r\n\t<h3 class=\"sh-heading-content size-custom text-left\">\r\n\t\tPO\u0160LJI POVPRA\u0160EVANJE\t<\/h3>\r\n<\/div>\r\n\r\n<div class=\"sh-empty-space\" id=\"empty-space-6481d0a0532971a1257576a8670940a0\"><\/div>\r\n\r\n<div id=\"cf7-1323\" class=\"sh-cf7 sh-cf7-style4\">\r\n    <div role=\"form\" class=\"wpcf7\" id=\"wpcf7-f1323-o1\" lang=\"sl-SI\" dir=\"ltr\">\n<div class=\"screen-reader-response\"><p role=\"status\" aria-live=\"polite\" aria-atomic=\"true\"><\/p> <ul><\/ul><\/div>\n<form action=\"\/erudiobeauty\/wp-json\/wp\/v2\/pages\/2665#wpcf7-f1323-o1\" method=\"post\" class=\"wpcf7-form init\" novalidate=\"novalidate\" data-status=\"init\">\n<div style=\"display: none;\">\n<input type=\"hidden\" name=\"_wpcf7\" value=\"1323\" \/>\n<input type=\"hidden\" name=\"_wpcf7_version\" value=\"5.3.2\" \/>\n<input type=\"hidden\" name=\"_wpcf7_locale\" value=\"sl_SI\" \/>\n<input type=\"hidden\" name=\"_wpcf7_unit_tag\" value=\"wpcf7-f1323-o1\" \/>\n<input type=\"hidden\" name=\"_wpcf7_container_post\" value=\"0\" \/>\n<input type=\"hidden\" name=\"_wpcf7_posted_data_hash\" value=\"\" \/>\n<input type=\"hidden\" name=\"_wpcf7_recaptcha_response\" value=\"\" \/>\n<\/div>\n<p><span class=\"wpcf7-form-control-wrap firstname\"><input type=\"text\" name=\"firstname\" value=\"\" size=\"40\" class=\"wpcf7-form-control wpcf7-text wpcf7-validates-as-required\" aria-required=\"true\" aria-invalid=\"false\" placeholder=\"Va\u0161e ime \/ First name\" \/><\/span><br \/>\n<span class=\"wpcf7-form-control-wrap lastname\"><input type=\"text\" name=\"lastname\" value=\"\" size=\"40\" class=\"wpcf7-form-control wpcf7-text wpcf7-validates-as-required\" aria-required=\"true\" aria-invalid=\"false\" placeholder=\"Va\u0161 priimek \/ Last name\" \/><\/span><br \/>\n<span class=\"wpcf7-form-control-wrap telephone\"><input type=\"tel\" name=\"telephone\" value=\"\" size=\"40\" class=\"wpcf7-form-control wpcf7-text wpcf7-tel wpcf7-validates-as-required wpcf7-validates-as-tel\" aria-required=\"true\" aria-invalid=\"false\" placeholder=\"Telefon \/ Phone number\" \/><\/span><br \/>\n<span class=\"wpcf7-form-control-wrap your-email\"><input type=\"email\" name=\"your-email\" value=\"\" size=\"40\" class=\"wpcf7-form-control wpcf7-text wpcf7-email wpcf7-validates-as-required wpcf7-validates-as-email\" aria-required=\"true\" aria-invalid=\"false\" placeholder=\"Va\u0161 email \/ Email\" \/><\/span><br \/>\n<span class=\"wpcf7-form-control-wrap streetaddress\"><input type=\"text\" name=\"streetaddress\" value=\"\" size=\"40\" class=\"wpcf7-form-control wpcf7-text wpcf7-validates-as-required\" aria-required=\"true\" aria-invalid=\"false\" placeholder=\"Ulica in hi\u0161na \u0161tevilka \/ Street Address\" \/><\/span><br \/>\n<span class=\"wpcf7-form-control-wrap city\"><input type=\"text\" name=\"city\" value=\"\" size=\"40\" class=\"wpcf7-form-control wpcf7-text wpcf7-validates-as-required\" aria-required=\"true\" aria-invalid=\"false\" placeholder=\"Kraj \/ City\" \/><\/span><br \/>\n<span class=\"wpcf7-form-control-wrap postcode\"><input type=\"text\" name=\"postcode\" value=\"\" size=\"40\" class=\"wpcf7-form-control wpcf7-text\" aria-invalid=\"false\" placeholder=\"Po\u0161tna \u0161tevilka \/ Postal code\" \/><\/span><br \/>\n<span class=\"wpcf7-form-control-wrap acceptance-920\"><span class=\"wpcf7-form-control wpcf7-acceptance\"><span class=\"wpcf7-list-item\"><label><input type=\"checkbox\" name=\"acceptance-920\" value=\"1\" aria-invalid=\"false\" \/><span class=\"wpcf7-list-item-label\">Sogla\u0161am z uporabo mojih osebnih podatkov (oddanih preko tega obrazca) za namen sporo\u010danja informacij o ponudbi za oddano povpra\u0161evanje in obve\u0161\u010danje o na\u0161i novi ponudbi ter novicah. Skladno z GDPR imate pravico do umika soglasja. Za umik kontaktirajte info@erudiobeauty.eu<\/span><\/label><\/span><\/span><\/span><\/p>\n\n<p><input type=\"submit\" value=\"Po\u0161lji podatke\" class=\"wpcf7-form-control wpcf7-submit\" \/><\/p>\n<div class=\"wpcf7-response-output\" aria-hidden=\"true\"><\/div><\/form><\/div><\/div>\r\n\t<\/div>\r\n<\/div>\r\n<\/div>\n\n\t<\/div>\r\n<\/section>\r\n\n","protected":false},"excerpt":{"rendered":"<p>COWORKING&nbsp;Se \u017eelite podati na samostojno pot in \u0161e nimate svojega prostora? Vam najemnina predstavlja preveliko finan\u010dno breme pri samostojni poti? Erudio Beauty coworking vam pri tem lahko&#8230;<\/p>\n","protected":false},"author":1,"featured_media":0,"parent":0,"menu_order":0,"comment_status":"closed","ping_status":"closed","template":"","meta":{"_monsterinsights_skip_tracking":false,"_monsterinsights_sitenote_active":false,"_monsterinsights_sitenote_note":"","_monsterinsights_sitenote_category":0},"_links":{"self":[{"href":"https:\/\/www.erudio.si\/erudiobeauty\/wp-json\/wp\/v2\/pages\/2665"}],"collection":[{"href":"https:\/\/www.erudio.si\/erudiobeauty\/wp-json\/wp\/v2\/pages"}],"about":[{"href":"https:\/\/www.erudio.si\/erudiobeauty\/wp-json\/wp\/v2\/types\/page"}],"author":[{"embeddable":true,"href":"https:\/\/www.erudio.si\/erudiobeauty\/wp-json\/wp\/v2\/users\/1"}],"replies":[{"embeddable":true,"href":"https:\/\/www.erudio.si\/erudiobeauty\/wp-json\/wp\/v2\/comments?post=2665"}],"version-history":[{"count":13,"href":"https:\/\/www.erudio.si\/erudiobeauty\/wp-json\/wp\/v2\/pages\/2665\/revisions"}],"predecessor-version":[{"id":3007,"href":"https:\/\/www.erudio.si\/erudiobeauty\/wp-json\/wp\/v2\/pages\/2665\/revisions\/3007"}],"wp:attachment":[{"href":"https:\/\/www.erudio.si\/erudiobeauty\/wp-json\/wp\/v2\/media?parent=2665"}],"curies":[{"name":"wp","href":"https:\/\/api.w.org\/{rel}","templated":true}]}}