{"id":748,"date":"2017-06-19T17:11:16","date_gmt":"2017-06-19T15:11:16","guid":{"rendered":"https:\/\/test.zaris.si\/?post_type=product&#038;p=748"},"modified":"2026-03-18T22:44:17","modified_gmt":"2026-03-18T21:44:17","slug":"olje-za-obnohtno-kozico-breskev-33ml-2","status":"publish","type":"product","link":"https:\/\/www.erudio.si\/erudiobeauty\/shop\/izdelek\/olje-za-obnohtno-kozico-breskev-33ml-2\/","title":{"rendered":"Olje za obnohtno ko\u017eico \u2013 breskev 33ml"},"content":{"rendered":"<p>Di\u0161e\u010de olje z vonjem breskve , obogateno z vitamini neguje obnohtno ko\u017eico ter naraven noht.<\/p>\n","protected":false},"excerpt":{"rendered":"<p>Di\u0161e\u010de olje z vonjem breskve , obogateno z vitamini neguje obnohtno ko\u017eico ter naraven noht.<\/p>\n","protected":false},"featured_media":1223,"comment_status":"closed","ping_status":"closed","template":"","meta":[],"_links":{"self":[{"href":"https:\/\/www.erudio.si\/erudiobeauty\/shop\/wp-json\/wp\/v2\/product\/748"}],"collection":[{"href":"https:\/\/www.erudio.si\/erudiobeauty\/shop\/wp-json\/wp\/v2\/product"}],"about":[{"href":"https:\/\/www.erudio.si\/erudiobeauty\/shop\/wp-json\/wp\/v2\/types\/product"}],"replies":[{"embeddable":true,"href":"https:\/\/www.erudio.si\/erudiobeauty\/shop\/wp-json\/wp\/v2\/comments?post=748"}],"wp:featuredmedia":[{"embeddable":true,"href":"https:\/\/www.erudio.si\/erudiobeauty\/shop\/wp-json\/wp\/v2\/media\/1223"}],"wp:attachment":[{"href":"https:\/\/www.erudio.si\/erudiobeauty\/shop\/wp-json\/wp\/v2\/media?parent=748"}],"curies":[{"name":"wp","href":"https:\/\/api.w.org\/{rel}","templated":true}]}}