{"id":734,"date":"2017-06-19T13:35:37","date_gmt":"2017-06-19T11:35:37","guid":{"rendered":"https:\/\/test.zaris.si\/?post_type=product&#038;p=734"},"modified":"2026-03-18T22:44:18","modified_gmt":"2026-03-18T21:44:18","slug":"copic-exclusive-line-swarovski-4","status":"publish","type":"product","link":"https:\/\/www.erudio.si\/erudiobeauty\/shop\/izdelek\/copic-exclusive-line-swarovski-4\/","title":{"rendered":"\u010copi\u010d Exclusive Line Swarovski 4"},"content":{"rendered":"<p>Po\u0161even \u010dopi\u010d za geliranje nohto v, okra\u0161en z kristali Swarovski<\/p>\n","protected":false},"excerpt":{"rendered":"<p>Po\u0161even \u010dopi\u010d za geliranje nohto v, okra\u0161en z kristali Swarovski<\/p>\n","protected":false},"featured_media":735,"comment_status":"closed","ping_status":"closed","template":"","meta":[],"_links":{"self":[{"href":"https:\/\/www.erudio.si\/erudiobeauty\/shop\/wp-json\/wp\/v2\/product\/734"}],"collection":[{"href":"https:\/\/www.erudio.si\/erudiobeauty\/shop\/wp-json\/wp\/v2\/product"}],"about":[{"href":"https:\/\/www.erudio.si\/erudiobeauty\/shop\/wp-json\/wp\/v2\/types\/product"}],"replies":[{"embeddable":true,"href":"https:\/\/www.erudio.si\/erudiobeauty\/shop\/wp-json\/wp\/v2\/comments?post=734"}],"wp:featuredmedia":[{"embeddable":true,"href":"https:\/\/www.erudio.si\/erudiobeauty\/shop\/wp-json\/wp\/v2\/media\/735"}],"wp:attachment":[{"href":"https:\/\/www.erudio.si\/erudiobeauty\/shop\/wp-json\/wp\/v2\/media?parent=734"}],"curies":[{"name":"wp","href":"https:\/\/api.w.org\/{rel}","templated":true}]}}