{"id":730,"date":"2017-06-19T12:55:29","date_gmt":"2017-06-19T10:55:29","guid":{"rendered":"https:\/\/test.zaris.si\/?post_type=product&#038;p=730"},"modified":"2026-03-18T22:44:18","modified_gmt":"2026-03-18T21:44:18","slug":"copic-exclusive-line-swarovski-000","status":"publish","type":"product","link":"https:\/\/www.erudio.si\/erudiobeauty\/shop\/izdelek\/copic-exclusive-line-swarovski-000\/","title":{"rendered":"\u010copi\u010d Exclusive Line Swarovski 000"},"content":{"rendered":"<p>Izredno tanek \u010dopi\u010d za izdelovanje tankih linij nail art &#8211; a. Okra\u0161en z kristali Swarovski.<\/p>\n","protected":false},"excerpt":{"rendered":"<p>Izredno tanek \u010dopi\u010d za izdelovanje tankih linij nail art &#8211; a. Okra\u0161en z kristali Swarovski.<\/p>\n","protected":false},"featured_media":731,"comment_status":"closed","ping_status":"closed","template":"","meta":[],"_links":{"self":[{"href":"https:\/\/www.erudio.si\/erudiobeauty\/shop\/wp-json\/wp\/v2\/product\/730"}],"collection":[{"href":"https:\/\/www.erudio.si\/erudiobeauty\/shop\/wp-json\/wp\/v2\/product"}],"about":[{"href":"https:\/\/www.erudio.si\/erudiobeauty\/shop\/wp-json\/wp\/v2\/types\/product"}],"replies":[{"embeddable":true,"href":"https:\/\/www.erudio.si\/erudiobeauty\/shop\/wp-json\/wp\/v2\/comments?post=730"}],"wp:featuredmedia":[{"embeddable":true,"href":"https:\/\/www.erudio.si\/erudiobeauty\/shop\/wp-json\/wp\/v2\/media\/731"}],"wp:attachment":[{"href":"https:\/\/www.erudio.si\/erudiobeauty\/shop\/wp-json\/wp\/v2\/media?parent=730"}],"curies":[{"name":"wp","href":"https:\/\/api.w.org\/{rel}","templated":true}]}}