{"id":544,"date":"2017-06-08T17:42:48","date_gmt":"2017-06-08T15:42:48","guid":{"rendered":"https:\/\/test.zaris.si\/?post_type=product&#038;p=544"},"modified":"2026-03-18T22:48:40","modified_gmt":"2026-03-18T21:48:40","slug":"gel-lak-12ml","status":"publish","type":"product","link":"https:\/\/www.erudio.si\/erudiobeauty\/shop\/izdelek\/gel-lak-12ml\/","title":{"rendered":"Gel lak 12ml"},"content":{"rendered":"<h4>Gel lak (soak off) je izdelek visoke kakovosti in pigmentiranosti, narejen v Italiji, z izredno dolgo obstojnostjo (tudi do 45 dni). Med nana\u0161anjem\u00a0ne kaplja in nima neprijetnega vonja. Zelo lahek za uporabo, enostaven za odstranjevanje. Za dolgotrajno obstojnost priporo\u010damo uporabo z Cosmonails Bazo in Cosmonails Finish &#8211; em.<\/h4>\n<p>Postopek nanosa:<\/p>\n<ul>\n<li>nohte zmatiramo in jih razmastimo z Cosmonails Razma\u0161\u010devalcem v spray &#8211; u<\/li>\n<li>na nohte nanesemo tanko plast Cosmonails Base &amp; Finish ter su\u0161imo v (UV lu\u010dka 3min, LED lu\u010dka 60 sek)<\/li>\n<li>nanesemo tanko plast \u017eeljenega odtenka Cosmonails gel laka ter su\u0161imo (UV lu\u010dka 3min, LED lu\u010dka 60 sek)<\/li>\n<li>ponovno nanesemo tanko plast \u017eeljenega odtenka Cosmonails gel laka ter su\u0161imo (UV lu\u010dka 3min, LED lu\u010dka 60 sek)<\/li>\n<li>nanesemo tanko plast Cosmonails Base &amp; Finish ter su\u0161imo (UV lu\u010dka 3min, LED lu\u010dka 60 sek)<\/li>\n<li>z Cosmonails Cleaner &#8211; jem odstranimo disperzijo<\/li>\n<\/ul>\n<p>&nbsp;<\/p>\n<p>&nbsp;<\/p>\n","protected":false},"excerpt":{"rendered":"<p>Gel lak (soak off) je izdelek visoke kakovosti in pigmentiranosti, narejen v Italiji, z izredno dolgo obstojnostjo (tudi do 45 dni).<\/p>\n<h4>Med nana\u0161anjem\u00a0ne kaplja in nima neprijetnega vonja. Zelo lahek za uporabo, enostaven za odstranjevanje. Za dolgotrajno obstojnost priporo\u010damo uporabo z Cosmonails Bazo in Cosmonails Finish &#8211; em.<\/h4>\n","protected":false},"featured_media":1213,"comment_status":"closed","ping_status":"closed","template":"","meta":[],"_links":{"self":[{"href":"https:\/\/www.erudio.si\/erudiobeauty\/shop\/wp-json\/wp\/v2\/product\/544"}],"collection":[{"href":"https:\/\/www.erudio.si\/erudiobeauty\/shop\/wp-json\/wp\/v2\/product"}],"about":[{"href":"https:\/\/www.erudio.si\/erudiobeauty\/shop\/wp-json\/wp\/v2\/types\/product"}],"replies":[{"embeddable":true,"href":"https:\/\/www.erudio.si\/erudiobeauty\/shop\/wp-json\/wp\/v2\/comments?post=544"}],"wp:featuredmedia":[{"embeddable":true,"href":"https:\/\/www.erudio.si\/erudiobeauty\/shop\/wp-json\/wp\/v2\/media\/1213"}],"wp:attachment":[{"href":"https:\/\/www.erudio.si\/erudiobeauty\/shop\/wp-json\/wp\/v2\/media?parent=544"}],"curies":[{"name":"wp","href":"https:\/\/api.w.org\/{rel}","templated":true}]}}