{"id":312,"date":"2017-04-12T17:02:08","date_gmt":"2017-04-12T15:02:08","guid":{"rendered":"https:\/\/test.zaris.si\/product\/pigment-zlata-f13\/"},"modified":"2026-03-18T22:48:46","modified_gmt":"2026-03-18T21:48:46","slug":"pigment-zlata-f13","status":"publish","type":"product","link":"https:\/\/www.erudio.si\/erudiobeauty\/shop\/izdelek\/pigment-zlata-f13\/","title":{"rendered":"Pigment &#8211; zlata &#8211; F13"},"content":{"rendered":"<p>Ble\u0161\u010dice Erudio Beauty so odli\u010dna izbira za kreativne makeu up \u2013 e.<\/p>\n","protected":false},"excerpt":{"rendered":"<p>Ble\u0161\u010dice Erudio Beauty so odli\u010dna izbira za kreativne makeu up \u2013 e.<\/p>\n","protected":false},"featured_media":1335,"comment_status":"closed","ping_status":"closed","template":"","meta":[],"_links":{"self":[{"href":"https:\/\/www.erudio.si\/erudiobeauty\/shop\/wp-json\/wp\/v2\/product\/312"}],"collection":[{"href":"https:\/\/www.erudio.si\/erudiobeauty\/shop\/wp-json\/wp\/v2\/product"}],"about":[{"href":"https:\/\/www.erudio.si\/erudiobeauty\/shop\/wp-json\/wp\/v2\/types\/product"}],"replies":[{"embeddable":true,"href":"https:\/\/www.erudio.si\/erudiobeauty\/shop\/wp-json\/wp\/v2\/comments?post=312"}],"wp:featuredmedia":[{"embeddable":true,"href":"https:\/\/www.erudio.si\/erudiobeauty\/shop\/wp-json\/wp\/v2\/media\/1335"}],"wp:attachment":[{"href":"https:\/\/www.erudio.si\/erudiobeauty\/shop\/wp-json\/wp\/v2\/media?parent=312"}],"curies":[{"name":"wp","href":"https:\/\/api.w.org\/{rel}","templated":true}]}}