{"id":2060,"date":"2018-08-30T15:33:05","date_gmt":"2018-08-30T13:33:05","guid":{"rendered":"https:\/\/www.erudio.si\/erudiobeauty\/shop\/?post_type=product&#038;p=2060"},"modified":"2026-03-18T22:43:25","modified_gmt":"2026-03-18T21:43:25","slug":"vitha-stylefix-matt-wax-vitha-stylefix-vosek-za-lase-matt","status":"publish","type":"product","link":"https:\/\/www.erudio.si\/erudiobeauty\/shop\/izdelek\/vitha-stylefix-matt-wax-vitha-stylefix-vosek-za-lase-matt\/","title":{"rendered":"Vitha Stylefix Matt Wax \/ Vitha Stylefix Vosek za lase Matt"},"content":{"rendered":"<h2 id=\"tw-target-text\" class=\"tw-data-text tw-ta tw-text-small\"><span lang=\"sl\">Vitha Stylefix Vosek za lase Matt z zna\u010dilnostjo dolgotrajnega obstoja (tudi do 24 ur).<\/span><\/h2>\n<p class=\"tw-data-text tw-ta tw-text-small\" dir=\"ltr\"><span lang=\"sl\"> Sodobna vla\u017eilna formula omogo\u010da, da lasje ponovno pridobijo svojo prvotno debelino, pri \u010demer las ne obremeni ter ne masti.<\/span><\/p>\n<p class=\"tw-data-text tw-ta tw-text-small\" dir=\"ltr\"><span lang=\"sl\"> Primeren\u00a0 je za vse tipe las, \u0161e posebej priporo\u010dljiv pa za po\u0161kodovane lase, saj lase nenehno vla\u017ei.\u00a0<\/span><\/p>\n<p dir=\"ltr\">Kapaciteta:<\/p>\n","protected":false},"excerpt":{"rendered":"<h2 id=\"tw-target-text\" class=\"tw-data-text tw-ta tw-text-small\"><span lang=\"sl\">Vitha Stylefix Vosek za lase Matt z zna\u010dilnostjo dolgotrajnega obstoja (tudi do 24 ur).<\/span><\/h2>\n<p class=\"tw-data-text tw-ta tw-text-small\" dir=\"ltr\">\n","protected":false},"featured_media":2062,"comment_status":"closed","ping_status":"closed","template":"","meta":[],"_links":{"self":[{"href":"https:\/\/www.erudio.si\/erudiobeauty\/shop\/wp-json\/wp\/v2\/product\/2060"}],"collection":[{"href":"https:\/\/www.erudio.si\/erudiobeauty\/shop\/wp-json\/wp\/v2\/product"}],"about":[{"href":"https:\/\/www.erudio.si\/erudiobeauty\/shop\/wp-json\/wp\/v2\/types\/product"}],"replies":[{"embeddable":true,"href":"https:\/\/www.erudio.si\/erudiobeauty\/shop\/wp-json\/wp\/v2\/comments?post=2060"}],"wp:featuredmedia":[{"embeddable":true,"href":"https:\/\/www.erudio.si\/erudiobeauty\/shop\/wp-json\/wp\/v2\/media\/2062"}],"wp:attachment":[{"href":"https:\/\/www.erudio.si\/erudiobeauty\/shop\/wp-json\/wp\/v2\/media?parent=2060"}],"curies":[{"name":"wp","href":"https:\/\/api.w.org\/{rel}","templated":true}]}}

<h2 id="tw-target-text" class="tw-data-text tw-ta tw-text-small"><span lang="sl">Vitha Stylefix Vosek za lase Matt z značilnostjo dolgotrajnega obstoja (tudi do 24 ur).</span></h2>
<p class="tw-data-text tw-ta tw-text-small" dir="ltr"><span lang="sl"> Sodobna vlažilna formula omogoča, da lasje ponovno pridobijo svojo prvotno debelino, pri čemer las ne obremeni ter ne masti.</span></p>
<p class="tw-data-text tw-ta tw-text-small" dir="ltr"><span lang="sl"> Primeren  je za vse tipe las, še posebej priporočljiv pa za poškodovane lase, saj lase nenehno vlaži. </span></p>
<p dir="ltr">Kapaciteta:</p>

<h2 id="tw-target-text" class="tw-data-text tw-ta tw-text-small"><span lang="sl">Vitha Stylefix Vosek za lase Matt z značilnostjo dolgotrajnega obstoja (tudi do 24 ur).</span></h2>
<p class="tw-data-text tw-ta tw-text-small" dir="ltr">
