{"id":1940,"date":"2018-06-05T17:23:08","date_gmt":"2018-06-05T15:23:08","guid":{"rendered":"https:\/\/www.erudio.si\/erudiobeauty\/shop\/?post_type=product&#038;p=1940"},"modified":"2026-03-18T22:43:31","modified_gmt":"2026-03-18T21:43:31","slug":"ladylya-zakljucni-lak-za-naravne-nohte","status":"publish","type":"product","link":"https:\/\/www.erudio.si\/erudiobeauty\/shop\/izdelek\/ladylya-zakljucni-lak-za-naravne-nohte\/","title":{"rendered":"LadyLya Zaklju\u010dni lak za naravne nohte"},"content":{"rendered":"<h4>LadyLya Zaklju\u010dni lak za naravne nohte je nastal iz potrebe po celjenju, negovanju in obnovitvi nohtov. Sestava je izjemna, saj vsebuje do 85% naravno pridobljenih sestavin, kar pomeni, da je lak ekolo\u0161ko prijazen okolju, hkrati pa neguje nohte.<\/h4>\n<p>Za mo\u010dne nohte poskrbijo celice rastlinskih stebel, ki delujejo tudi proti staranju, UV filter skrbi za za\u0161\u010dito pred \u0161kodljivim son\u010dnim sevanjem, prepusten film pa zahvaljujo\u010d novi kisikovi tehnologiji skrbi, da nohti lahko dihajo, kar jih naredi bolj pro\u017ene ter s tem manj lomljive.<\/p>\n<p>Zaklju\u010dni lak izbolj\u0161a stanje nohtov po 4 tednih redne uporabe. Znatno podalj\u0161a obstanek sijaja. Nanesite en sloj na lakirane nohte in nanesite \u0161e dvakrat na teden za o\u017eivitev sijaja.<\/p>\n<p>&nbsp;<\/p>\n","protected":false},"excerpt":{"rendered":"<h5>Zaklju\u010dni lak izbolj\u0161a stanje nohtov po 4 tednih redne uporabe. Znatno podalj\u0161a obstanek sijaja. Nanesite en sloj na lakirane nohte in nanesite \u0161e dvakrat na teden za o\u017eivitev sijaja.<\/h5>\n","protected":false},"featured_media":1941,"comment_status":"closed","ping_status":"closed","template":"","meta":[],"_links":{"self":[{"href":"https:\/\/www.erudio.si\/erudiobeauty\/shop\/wp-json\/wp\/v2\/product\/1940"}],"collection":[{"href":"https:\/\/www.erudio.si\/erudiobeauty\/shop\/wp-json\/wp\/v2\/product"}],"about":[{"href":"https:\/\/www.erudio.si\/erudiobeauty\/shop\/wp-json\/wp\/v2\/types\/product"}],"replies":[{"embeddable":true,"href":"https:\/\/www.erudio.si\/erudiobeauty\/shop\/wp-json\/wp\/v2\/comments?post=1940"}],"wp:featuredmedia":[{"embeddable":true,"href":"https:\/\/www.erudio.si\/erudiobeauty\/shop\/wp-json\/wp\/v2\/media\/1941"}],"wp:attachment":[{"href":"https:\/\/www.erudio.si\/erudiobeauty\/shop\/wp-json\/wp\/v2\/media?parent=1940"}],"curies":[{"name":"wp","href":"https:\/\/api.w.org\/{rel}","templated":true}]}}