{"id":1758,"date":"2018-05-16T14:08:42","date_gmt":"2018-05-16T12:08:42","guid":{"rendered":"https:\/\/www.erudio.si\/erudiobeauty\/shop\/?post_type=product&#038;p=1758"},"modified":"2026-03-18T22:43:56","modified_gmt":"2026-03-18T21:43:56","slug":"cosmonails-akril-gel-30ml","status":"publish","type":"product","link":"https:\/\/www.erudio.si\/erudiobeauty\/shop\/izdelek\/cosmonails-akril-gel-30ml\/","title":{"rendered":"COSMONAILS Akril gel  &#8211; 30ml"},"content":{"rendered":"<h2 id=\"tw-target-text\" class=\"tw-data-text tw-ta tw-text-small\"><span lang=\"sv\">AcrylicGel je bolj prilagodljiv kot akril, ampak mo\u010dnej\u0161i od gela.<\/span><\/h2>\n<p class=\"tw-data-text tw-ta tw-text-small\"><span lang=\"sv\">Za razliko od gela akrilgel ni samoizravnalen, saj ostane tam, kamor ga postavite. Izredno lahek za oblikovanje. P<\/span><span lang=\"sv\">ostopek strjevanja se ne za\u010dne nemudoma , ko teko\u010dina pride v stik s pra\u0161kom, kot pri akrilu, ampak v UV\/LED\/CCFL lu\u010dki.\u00a0<\/span><\/p>\n<p>Prednosti:<\/p>\n<p class=\"tw-data-text tw-ta tw-text-small\">&#8211; Barva je bolj kremasta kot akril in gel<\/p>\n<p class=\"tw-data-text tw-ta tw-text-small\"><span lang=\"sv\">&#8211; Mo\u010dnej\u0161i kot geli<\/span><\/p>\n<p class=\"tw-data-text tw-ta tw-text-small\"><span lang=\"sv\">&#8211; Brez vonja<\/span><\/p>\n<p>&nbsp;<\/p>\n<p>&nbsp;<\/p>\n","protected":false},"excerpt":{"rendered":"<h3><span lang=\"sv\">AcrylicGel je bolj prilagodljiv kot akril, ampak mo\u010dnej\u0161i od gela.<\/span><\/h3>\n","protected":false},"featured_media":1761,"comment_status":"closed","ping_status":"closed","template":"","meta":[],"_links":{"self":[{"href":"https:\/\/www.erudio.si\/erudiobeauty\/shop\/wp-json\/wp\/v2\/product\/1758"}],"collection":[{"href":"https:\/\/www.erudio.si\/erudiobeauty\/shop\/wp-json\/wp\/v2\/product"}],"about":[{"href":"https:\/\/www.erudio.si\/erudiobeauty\/shop\/wp-json\/wp\/v2\/types\/product"}],"replies":[{"embeddable":true,"href":"https:\/\/www.erudio.si\/erudiobeauty\/shop\/wp-json\/wp\/v2\/comments?post=1758"}],"wp:featuredmedia":[{"embeddable":true,"href":"https:\/\/www.erudio.si\/erudiobeauty\/shop\/wp-json\/wp\/v2\/media\/1761"}],"wp:attachment":[{"href":"https:\/\/www.erudio.si\/erudiobeauty\/shop\/wp-json\/wp\/v2\/media?parent=1758"}],"curies":[{"name":"wp","href":"https:\/\/api.w.org\/{rel}","templated":true}]}}