{"id":1725,"date":"2018-03-08T11:13:39","date_gmt":"2018-03-08T10:13:39","guid":{"rendered":"https:\/\/www.erudio.si\/erudiobeauty\/shop\/?post_type=product&#038;p=1725"},"modified":"2019-03-21T13:00:02","modified_gmt":"2019-03-21T12:00:02","slug":"akcijski-paket-vedno-z-vami","status":"publish","type":"product","link":"https:\/\/www.erudio.si\/erudiobeauty\/shop\/izdelek\/akcijski-paket-vedno-z-vami\/","title":{"rendered":"AKCIJSKI PAKET  &#8211; VEDNO Z VAMI"},"content":{"rendered":"<h4>Razvajajte se z Erudio Beauty paketom Vedno z vami.<\/h4>\n<p>Paket sestavljata dva \u010dudovita artikla:<\/p>\n<p>Torba za li\u010dila je primerna za vse makeup artiste, ki stremijo po urejenosti in organizaciji li\u010dil in pripomo\u010dkov.<\/p>\n<p>\u201cMust have\u201d vsakega makeup artista. Usnjen pas je izdelan za la\u017eje no\u0161enje \u010dopi\u010dev in uporabo \u010dopi\u010dev med samim delom. Profesionalni pas ima ogromno \u017eepkov in zati\u010dev za lahkotno no\u0161njo pripomo\u010dkov.<\/p>\n","protected":false},"excerpt":{"rendered":"<h4>Razvajajte se z Erudio Beauty paketom Vedno z vami.<\/h4>\n","protected":false},"featured_media":1726,"comment_status":"closed","ping_status":"closed","template":"","meta":[],"_links":{"self":[{"href":"https:\/\/www.erudio.si\/erudiobeauty\/shop\/wp-json\/wp\/v2\/product\/1725"}],"collection":[{"href":"https:\/\/www.erudio.si\/erudiobeauty\/shop\/wp-json\/wp\/v2\/product"}],"about":[{"href":"https:\/\/www.erudio.si\/erudiobeauty\/shop\/wp-json\/wp\/v2\/types\/product"}],"replies":[{"embeddable":true,"href":"https:\/\/www.erudio.si\/erudiobeauty\/shop\/wp-json\/wp\/v2\/comments?post=1725"}],"wp:featuredmedia":[{"embeddable":true,"href":"https:\/\/www.erudio.si\/erudiobeauty\/shop\/wp-json\/wp\/v2\/media\/1726"}],"wp:attachment":[{"href":"https:\/\/www.erudio.si\/erudiobeauty\/shop\/wp-json\/wp\/v2\/media?parent=1725"}],"curies":[{"name":"wp","href":"https:\/\/api.w.org\/{rel}","templated":true}]}}