{"id":1633,"date":"2017-12-12T10:35:29","date_gmt":"2017-12-12T09:35:29","guid":{"rendered":"https:\/\/www.erudio.si\/erudiobeauty\/shop\/?post_type=product&#038;p=1633\/"},"modified":"2026-03-18T22:44:11","modified_gmt":"2026-03-18T21:44:11","slug":"cosmonails-nude-gel-5-gr","status":"publish","type":"product","link":"https:\/\/www.erudio.si\/erudiobeauty\/shop\/izdelek\/cosmonails-nude-gel-5-gr\/","title":{"rendered":"Cosmonails Nude gel 5 gr"},"content":{"rendered":"<h4>Cosmonails Nude gel je izredno pigmentiran, enostaven za uporabo.\u00a0 Nohtom daje zelo \u017eenstven, kajal pridih. Zaradi pigmentiranosti je dovolj samo en nanos.<\/h4>\n<p>Nude odtenki so\u00a0 primerni za katero koli prilo\u017enost ali obleko. Primerni so tako za dolge kot tudi kratke nohte.<\/p>\n<p>\u010cas su\u0161enja 2 minuti v UV lu\u010dki.<\/p>\n","protected":false},"excerpt":{"rendered":"<h4>Cosmonails Nude gel je izredno pigmentiran, enostaven za uporabo.\u00a0 Nohtom daje zelo \u017eenstven, kajal pridih. Zaradi pigmentiranosti je dovolj samo en nanos.<\/h4>\n","protected":false},"featured_media":1634,"comment_status":"closed","ping_status":"closed","template":"","meta":[],"_links":{"self":[{"href":"https:\/\/www.erudio.si\/erudiobeauty\/shop\/wp-json\/wp\/v2\/product\/1633"}],"collection":[{"href":"https:\/\/www.erudio.si\/erudiobeauty\/shop\/wp-json\/wp\/v2\/product"}],"about":[{"href":"https:\/\/www.erudio.si\/erudiobeauty\/shop\/wp-json\/wp\/v2\/types\/product"}],"replies":[{"embeddable":true,"href":"https:\/\/www.erudio.si\/erudiobeauty\/shop\/wp-json\/wp\/v2\/comments?post=1633"}],"wp:featuredmedia":[{"embeddable":true,"href":"https:\/\/www.erudio.si\/erudiobeauty\/shop\/wp-json\/wp\/v2\/media\/1634"}],"wp:attachment":[{"href":"https:\/\/www.erudio.si\/erudiobeauty\/shop\/wp-json\/wp\/v2\/media?parent=1633"}],"curies":[{"name":"wp","href":"https:\/\/api.w.org\/{rel}","templated":true}]}}