{"id":1287,"date":"2017-07-03T09:51:46","date_gmt":"2017-07-03T07:51:46","guid":{"rendered":"https:\/\/test.zaris.si\/?post_type=product&#038;p=1287\/"},"modified":"2026-03-18T22:44:08","modified_gmt":"2026-03-18T21:44:08","slug":"cosmonails-klesce-za-obnohtno-kozico-3","status":"publish","type":"product","link":"https:\/\/www.erudio.si\/erudiobeauty\/shop\/izdelek\/cosmonails-klesce-za-obnohtno-kozico-3\/","title":{"rendered":"Cosmonails kle\u0161\u010de za obnohtno ko\u017eico 3"},"content":{"rendered":"<h4>Kle\u0161\u010de za odstranjevanje obnohtne ko\u017eice.<\/h4>\n<p>Omogo\u010dajo izredno natan\u010dno odstranjevanje ko\u017eice. Izdelane so iz nerjave\u010dega jekla in ne postanejo tope. Lahko se sterilizirajo v sterilizatorju na vro\u010di zrak.<\/p>\n","protected":false},"excerpt":{"rendered":"<p>Kle\u0161\u010de za odstranjevanje obnohtne ko\u017eice.<\/p>\n","protected":false},"featured_media":1290,"comment_status":"closed","ping_status":"closed","template":"","meta":[],"_links":{"self":[{"href":"https:\/\/www.erudio.si\/erudiobeauty\/shop\/wp-json\/wp\/v2\/product\/1287"}],"collection":[{"href":"https:\/\/www.erudio.si\/erudiobeauty\/shop\/wp-json\/wp\/v2\/product"}],"about":[{"href":"https:\/\/www.erudio.si\/erudiobeauty\/shop\/wp-json\/wp\/v2\/types\/product"}],"replies":[{"embeddable":true,"href":"https:\/\/www.erudio.si\/erudiobeauty\/shop\/wp-json\/wp\/v2\/comments?post=1287"}],"wp:featuredmedia":[{"embeddable":true,"href":"https:\/\/www.erudio.si\/erudiobeauty\/shop\/wp-json\/wp\/v2\/media\/1290"}],"wp:attachment":[{"href":"https:\/\/www.erudio.si\/erudiobeauty\/shop\/wp-json\/wp\/v2\/media?parent=1287"}],"curies":[{"name":"wp","href":"https:\/\/api.w.org\/{rel}","templated":true}]}}